e 9
31
Convert 3a (base 11) to base 6.
111
-11 (base 4) to base 13
-5
0 (base 9) to base 6
0
What is -72 (base 9) in base 7?
-122
Convert -2 (base 16) to base 2.
-10
6 (base 12) to base 6
10
-4c (base 16) to base 5
-301
51 (base 14) to base 9
78
Convert 4 (base 6) to base 7.
4
What is 5 (base 15) in base 5?
10
What is 1011000 (base 2) in base 14?
64
69 (base 12) to base 10
81
Convert 3 (base 12) to base 8.
3
Convert 1 (base 12) to base 4.
1
-313 (base 5) to base 4
-1103
13 (base 12) to base 10
15
What is 4 (base 9) in base 15?
4
Convert 5 (base 6) to base 2.
101
-7 (base 15) to base 11
-7
-25 (base 6) to base 5
-32
-111101 (base 2) to base 4
-331
Convert -15 (base 12) to base 5.
-32
Convert -18c (base 14) to base 8.
-500
2 (base 10) to base 14
2
-14 (base 6) to base 11
-a
-12 (base 3) to base 9
-5
-57 (base 15) to base 4
-1102
Convert 71 (base 8) to base 2.
111001
-55 (base 10) to base 13
-43
0 (base 8) to base 14
0
-10 (base 3) to base 14
-3
What is 100100 (base 2) in base 12?
30
Convert -1b (base 14) to base 8.
-31
0 (base 9) to base 13
0
What is 39 (base 12) in base 13?
36
Convert -2 (base 12) to base 15.
-2
Convert 16 (base 13) to base 2.
10011
What is -1a (base 11) in base 14?
-17
Convert 2b (base 13) to base 10.
37
Convert 3 (base 4) to base 16.
3
Convert 2 (base 13) to base 7.
2
-21 (base 5) to base 12
-b
122 (base 5) to base 9
41
What is -3 (base 10) in base 16?
-3
What is 7 (base 12) in base 14?
7
-33 (base 6) to base 10
-21
-2212 (base 3) to base 7
-140
What is 4 (base 14) in base 12?
4
Convert -54 (base 9) to base 4.
-301
80 (base 9) to base 14
52
Convert -285 (base 10) to base 13.
-18c
1211 (base 3) to base 13
3a
Convert 13 (base 4) to base 5.
12
b (base 12) to base 9
12
Convert 0 (base 2) to base 13.
0
What is -14 (base 14) in base 4?
-102
Convert 0 (base 5) to base 2.
0
Convert -5 (base 12) to base 14.
-5
What is 100 (base 3) in base 5?
14
What is 421 (base 5) in base 16?
6f
Convert 2a (base 11) to base 13.
26
What is 7 (base 11) in base 10?
7
What is -1 (base 5) in base 14?
-1
What is -3 (base 9) in base 15?
-3
What is 0 (base 15) in base 3?
0
Convert -20 (base 3) to base 12.
-6
What is 26 (base 8) in base 7?
31
-64 (base 9) to base 5
-213
What is 19 (base 14) in base 15?
18
What is -11 (base 6) in base 9?
-7
b (base 15) to base 5
21
Convert 1000 (base 4) to base 15.
44
ab (base 14) to base 7
304
Convert 13 (base 10) to base 11.
12
-13 (base 4) to base 3
-21
-33 (base 7) to base 11
-22
Convert -44 (base 7) to base 6.
-52
Convert -120 (base 3) to base 9.
-16
What is -10 (base 8) in base 14?
-8
Convert 26 (base 14) to base 15.
24
3 (base 16) to base 15
3
7 (base 14) to base 15
7
-1 (base 12) to base 10
-1
Convert 125 (base 7) to base 13.
53
Convert -15 (base 6) to base 11.
-10
100 (base 6) to base 13
2a
5 (base 15) to base 9
5
Convert -bb (base 13) to base 7.
-310
-7 (base 12) to base 7
-10
123 (base 4) to base 13
21
Convert 3 (base 12) to base 11.
3
What is 1000 (base 2) in base 15?
8
Convert 112 (base 3) to base 5.
24
What is -d (base 14) in base 10?
-13
What is 142 (base 13) in base 5?
1343
-1 (base 14) to base 7
-1
What is -1 (base 6) in base 12?
-1
Convert 1 (base 16) to base 3.
1
3 (base 16) to base 5
3
Convert 212 (base 4) to base 7.
53
Convert 114 (base 7) to base 13.
48
-244 (base 5) to base 14
-54
What is -168 (base 14) in base 11?
-242
Convert -3 (base 6) to base 3.
-10
Convert 5 (base 16) to base 12.
5
Convert -b4 (base 16) to base 3.
-20200
Convert -74 (base 10) to base 7.
-134
What is -32 (base 5) in base 10?
-17
-19 (base 12) to base 15
-16
What is -240 (base 7) in base 15?
-86
What is -3 (base 7) in base 9?
-3
What is 19 (base 12) in base 11?
1a
Convert 121 (base 10) to base 14.
89
What is -100 (base 2) in base 3?
-11
What is -1 (base 16) in base 11?
-1
What is 54 (base 12) in base 4?
1000
-2 (base 9) to base 10
-2
What is -120 (base 3) in base 13?
-12
What is -27 (base 15) in base 14?
-29
What is -1 (base 16) in base 3?
-1
-21 (base 14) to base 12
-25
What is 191 (base 12) in base 11?
210
Convert 0 (base 11) to base 4.
0
What is -163 (base 8) in base 13?
-8b
What is 11 (base 6) in base 12?
7
What is 3 (base 8) in base 4?
3
What is -1 (base 8) in base 2?
-1
1020 (base 6) to base 2
11100100
1 (base 13) to base 2
1
-1122 (base 3) to base 4
-230
146 (base 10) to base 4
2102
Convert -1 (base 7) to base 10.
-1
Convert -aa (base 16) to base 10.
-170
Convert 315 (base 10) to base 14.
187
Convert -2 (base 4) to base 12.
-2
Convert 11 (base 3) to base 2.
100
-244 (base 6) to base 11
-91
Convert -13 (base 9) to base 10.
-12
Convert 10100 (base 2) to base 10.
20
Convert 93 (base 14) to base 12.
a9
What is -22 (base 3) in base 7?
-11
What is -3 (base 4) in base 13?
-3
-45 (base 12) to base 16
-35
Convert 31 (base 15) to base 11.
42
What is -272 (base 8) in base 5?
-1221
What is 12 (base 14) in base 7?
22
What is 1 (base 6) in base 12?
1
What is -7 (base 11) in base 15?
-7
1aa (base 14) to base 8
532
Convert -4 (base 14) to base 12.
-4
10 (base 5) to base 4
11
83 (base 16) to base 14
95
Convert -2 (base 16) to base 14.
-2
-3 (base 14) to base 16
-3
What is 30 (base 5) in base 16?
f
11 (base 3) to base 10
4
What is -363 (base 8) in base 4?
-3303
Convert 2100 (base 3) to base 15.
43
Convert -5 (base 14) to base 10.
-5
What is -2 (base 4) in base 6?
-2
What is 0 (base 6) in base 10?
0
0 (base 10) to base 16
0
-a0 (base 15) to base 4
-2112
-113 (base 4) to base 7
-32
1 (base 4) to base 7
1
What is 118 (base 11) in base 5?
1030
-102 (base 3) to base 15
-b
Convert -42 (base 9) to base 15.
-28
Convert 40 (base 5) to base 15.
15
What is 3 (base 16) in base 15?
3
What is -1b (base 15) in base 2?
-11010
What is -6 (base 9) in base 7?
-6
What is 44 (base 11) in base 12?
40
What is 14 (base 13) in base 3?
122
Convert -15 (base 12) to base 4.
-101
-2 (base 13) to base 15
-2
Convert 16 (base 8) to base 11.
13
Convert -11 (base 11) to base 2.
-1100
-28 (base 15) to base 11
-35
Convert 100 (base 2) to base 14.
4
11 (base 4) to base 12
5
What is -11012 (base 3) in base 15?
-78
What is 140 (base 5) in base 14?
33
What is -14 (base 7) in base 8?
-13
What is -12 (base 11) in base 8?
-15
What is -7 (base 8) in base 6?
-11
What is -23 (base 7) in base 8?
-21
What is -111 (base 2) in base 7?
-10
Convert -6 (base 11) to base 12.
-6
Convert 37 (base 11) to base 12.
34
Convert 54 (base 12) to base 15.
44
Convert 233 (base 4) to base 9.
52
What is -101000 (base 2) in base 6?
-104
What is -b (base 14) in base 2?
-1011
Convert -310 (base 5) to base 2.
-1010000
Convert -6 (base 10) to base 7.
-6
What is 10 (base 3) in base 13?
3
Convert 210 (base 3) to base 16.
15
-1 (base 5) to base 4
-1
Convert 1 (base 2) to base 13.
1
-6 (base 8) to base 14
-6
10 (base 7) to base 10
7
What is 2 (base 12) in base 8?
2
Convert -22 (base 4) to base 15.
-a
13 (base 12) to base 14
11
What is 0 (base 7) in base 15?
0
What is -b (base 15) in base 10?
-11
Convert -39 (base 13) to base 4.
-300
What is 31 (base 12) in base 13?
2b
Convert 4 (base 16) to base 14.
4
Convert -aa (base 16) to base 5.
-1140
Convert 2 (base 10) to base 7.
2
-68 (base 9) to base 8
-76
224 (base 6) to base 15
5d
What is -5 (base 7) in base 16?
-5
Convert -3 (base 10) to base 4.
-3
What is 100 (base 2) in base 12?
4
What is 10 (base 2) in base 16?
2
What is -374 (base 8) in base 9?
-310
Convert 2 (base 9) to base 13.
2
-2 (base 3) to base 10
-2
What is -5 (base 13) in base 6?
-5
What is -13 (base 15) in base 10?
-18
Convert -3 (base 4) to base 15.
-3
10a (base 13) to base 3
20122
-1204 (base 5) to base 7
-344
Convert -72 (base 9) to base 6.
-145
Convert 15 (base 6) to base 10.
11
What is -3 (base 11) in base 9?
-3
-3 (base 13) to base 2
-11
What is 48 (base 10) in base 3?
1210
What is 4 (base 9) in base 5?
4
Convert 10 (base 3) to base 11.
3
-10 (base 3) to base 12
-3
Convert 1 (base 3) to base 12.
1
-86 (base 13) to base 12
-92
What is 170 (base 8) in base 3?
11110
What is 4 (base 8) in base 12?
4
What is -136 (base 9) in base 8?
-162
What is -7d (base 14) in base 8?
-157
0 (base 3) to base 12
0
Convert 2 (base 5) to base 14.
2
6 (base 14) to base 6
10
What is -18 (base 11) in base 10?
-19
What is -9 (base 14) in base 12?
-9
What is -2 (base 8) in base 10?
-2
Convert -3 (base 6) to base 5.
-3
Convert 